y n.
24
Let n = 29 - 40. Let y = 11 - n. Calculate the remainder when 64 is divided by y.
20
Suppose 14 = -z - 4. Let c = z + 9. What is the remainder when 88/20 + c/(-15) is divided by 2?
1
Let y = 119 + -62. Let k be 11 + -9 + 1*2. Suppose -q + 4*q + 24 = r, y = k*r + q. Calculate the remainder when r is divided by 6.
3
Suppose 0 = -15*o + 12*o + 6. What is the remainder when 3 is divided by o?
1
Suppose f - 17 = -2*o + 2*f, -5*o + 20 = 5*f. Let z = -5 - -3. Calculate the remainder when o is divided by (-3)/z*32/12.
3
Suppose 0*y = -y + 53. What is the remainder when y is divided by 14?
11
Let m(t) = -3*t**3 - 4*t**2 - 2*t + 4. What is the remainder when m(-3) is divided by 28?
27
Let w(y) = -y**3 + 9*y**2 - 8*y + 4. What is the remainder when w(7) is divided by 16?
14
Let o(f) = -4 + 5 + 5*f + 10*f. Let l be o(1). Let b = l + -3. What is the remainder when 37 is divided by b?
11
Suppose 3*r - 4 = 2*p, 4*r + 3*p - 25 = 3. Suppose 0*z + 3*a - 23 = -2*z, 3*z + 2*a = 32. Calculate the remainder when z is divided by r.
2
Suppose m - f - 1 = 16, 2*f = 5*m - 85. Let v = -40 - -73. What is the remainder when v is divided by m?
16
Suppose 2*p - 11 + 5 = 0. Suppose p*f = -0*f + 18. What is the remainder when (-113)/(-3) + (-4)/f is divided by 13?
11
Let z(y) = -2*y + 20. Calculate the remainder when z(0) is divided by 7.
6
Suppose 2*n - 46 - 20 = -2*a, -n - 39 = -a. Let s = -25 + a. Let q = 7 + -1. What is the remainder when s is divided by q?
5
Suppose -f + 2*a + 8 = 0, -3*a = -6*f + 3*f + 21. Suppose -i + 22 = -q, -i + q + 56 = 2*i. Calculate the remainder when i is divided by f.
5
Let y = 4 + -2. Suppose 3*q - 1 = w - 10, 4*q + 23 = 5*w. What is the remainder when 58 is divided by (-30)/(y + 7/q)?
18
Calculate the remainder when 8/(-12) - (-85)/15 is divided by 3.
2
What is the remainder when 75 is divided by (-252)/(-9) + 1*-1*2?
23
Let h(v) = -v - 5 + 2*v + 7. Let s be h(0). What is the remainder when 6/(-3) - (s - 53) is divided by 17?
15
Let a = 23 - 5. Calculate the remainder when a is divided by 7.
4
Suppose 23 = 4*x - 9. Let u(i) = -i - 1. Let h be u(-5). Let q = h + x. What is the remainder when 22 is divided by q?
10
Let j = -22 + 46. What is the remainder when j is divided by 14?
10
Suppose -2*f - 5*g + 9 = 0, g - 34 = -0*f - 5*f. Let s = 44 - 26. Calculate the remainder when s is divided by f.
4
Let x be (0 - (-1 + -4)) + -1. Suppose x*p + 225 = 5*m, 0 = -2*m - 0*p + 4*p + 78. What is the remainder when m is divided by 10/(-12)*2 + 728/39?
15
Let u = -13 + 13. Suppose -2*r - 64 = -5*g - u*r, -4*r = 4*g - 40. Calculate the remainder when 23 is divided by g.
11
What is the remainder when 21 is divided by -1 + 6 + 0 + 1?
3
Let k(j) = -j**3 + 6*j**2 + 6*j - 5. Let t be k(6). Let x = 44 - t. Calculate the remainder when 25 is divided by x.
12
Let c be 19/(-4) + 1/(-4). Let b be -6 + c + (1 - 1). Let q = b - -15. Calculate the remainder when 7 is divided by q.
3
Let p(g) = -g**3 + 5*g**2 + 5. Let o(w) = -13*w + 4. Let c be o(-4). Let y = c - -5. Calculate the remainder when y is divided by p(4).
19
Suppose -5*v + 0*y + 56 = -3*y, 0 = 3*y - 9. What is the remainder when 37 is divided by v?
11
Suppose 0*t + 16 = t + 2*s, -5*s + 105 = 5*t. What is the remainder when 99 is divided by t?
21
Calculate the remainder when 4 is divided by 18/5 + (-9)/15.
1
Let u(c) = -c**2 - 6*c + 8. Let i be u(-7). Let l = 21 - i. Calculate the remainder when (-1 - 12/(-9)) + 1408/24 is divided by l.
19
Let s(r) = -r**2 + 7*r - 6. Calculate the remainder when s(5) is divided by 2.
0
Suppose 2*r = -5 + 73. What is the remainder when r is divided by 9?
7
Suppose 4*t - h - 12 = 5, -t - 3*h = -14. Suppose -27 = 5*o - 6*o + 2*x, -4*x = -t*o + 111. What is the remainder when 37 is divided by o?
18
Let z(t) = t**2 + 7*t - 3. Let d(r) = r + 1. Let h(b) = -4*d(b) - z(b). What is the remainder when 66 is divided by h(-9)?
15
Let r(h) = 2*h**2 + h - 4. What is the remainder when 46 is divided by r(2)?
4
Let a = 1 + 7. Let z = 20 + 2. What is the remainder when (a/3)/(1/24) is divided by z?
20
Let t(j) be the first derivative of -4*j**2 - j - 5. Suppose -4*v = 4*y + 20, 5*v = 5*y + 17 - 52. What is the remainder when t(v) is divided by 16?
15
Let n(t) = -t**3 - t**2 + 3*t + 4. Suppose a = -3*a + 12. Calculate the remainder when n(0) is divided by a.
1
Let u(o) = o**3 + 9*o**2 + 8*o + 7. Calculate the remainder when u(-8) is divided by 4.
3
Let a = -14 + 21. Let g = -4 + a. Suppose -s + 0*s = -y + 13, -g*y - 5*s = -47. Calculate the remainder when 27 is divided by y.
13
Let h(p) = p - 1. Suppose 0 = 5*j + 3*y - 24, 2*j - 9 = 3*y + 9. What is the remainder when 8 is divided by h(j)?
3
Let f(q) = 6*q - 4. Suppose 3*m - m = 10. What is the remainder when f(m) is divided by 5 - -1 - (0 + -3)?
8
Suppose -3*t - 66 = -3*i, -i - 4*t = -6 - 1. Calculate the remainder when -1*3/9 - (-226)/3 is divided by i.
18
Let n be ((-1)/2)/(-1)*20. Suppose 0 = 4*u - 6 - n. Suppose u = 5*b - 6. What is the remainder when 2 is divided by b?
0
Let a = -53 + 98. Calculate the remainder when a is divided by 6.
3
Let m(x) = -x**3 + 8*x**2 - 11*x - 3. Calculate the remainder when 33 is divided by m(5).
16
Let z(m) = 5*m**2 - 2*m + 1. Suppose 13 = 5*w - 22. What is the remainder when w is divided by z(1)?
3
Let i be 1*8*13/2. Suppose 5*a + i = 6*a. What is the remainder when a is divided by 11?
8
Let n be -3*(0 + 78/9). Let r = n + 36. What is the remainder when 28 is divided by r?
8
Let w(k) = -k**3 + 6*k**2 + 2*k - 3. Let s(b) = -b + 1. Let a(q) = -4*s(q) - w(q). What is the remainder when a(6) is divided by 4?
3
Suppose 6*m = 3*m + 204. Suppose 3*y + 3*t = t + 53, -4*y = 4*t - m. Calculate the remainder when y is divided by 38/6 + 4/6.
5
Let y be (-2)/8 + (-225)/12. Let c = y + 31. What is the remainder when 22 is divided by c?
10
Let r(x) = 31*x**2 - 1. Let i be r(-1). Suppose -6*z + i = -z. Let n = 20 - 16. Calculate the remainder when z is divided by n.
2
Let n(a) = -a**3 + 7*a**2 - 8*a + 2. Let b = -6 + 11. Calculate the remainder when n(4) is divided by b.
3
Suppose -6*z - 3 = -7*z. Let t = 21 + z. What is the remainder when 94 is divided by t?
22
Suppose -30 = -4*a - 5*k, -4*k - k = 2*a - 20. What is the remainder when 3/(-6 + 3) + 10 is divided by a?
4
Let q(r) = r**2 + 7*r. Let x be q(-5). Let p = 1 - x. Suppose 4*m = -5*g + 207, g - m - 13 - 32 = 0. Calculate the remainder when g is divided by p.
10
Let w be 2/3 + (-68)/(-6). Suppose -4*x + x - w = 0. What is the remainder when (1/(-4) - 3)*x is divided by 7?
6
Let p(j) be the third derivative of 1/24*j**6 + 0*j + 0*j**4 + 1/60*j**5 - 4*j**2 + 0 + 0*j**3. What is the remainder when p(2) is divided by 23?
21
Let g(l) = -13*l. Let w(o) = -35*o**3 + 2*o**2 + 2*o + 1. Calculate the remainder when w(-1) is divided by g(-1).
10
Let b(v) = -3*v + 5. Let i be -2 + (-2)/1 + 1. Calculate the remainder when 40 is divided by b(i).
12
Let g = 4 + 0. Calculate the remainder when (-333)/(-18) - 6/g is divided by 10.
7
Let f = -23 + 58. Let z = 14 - 2. What is the remainder when f is divided by z?
11
Let b(n) = n - 15. Let s(t) = 1. Let j(q) = -b(q) + 4*s(q). Calculate the remainder when 19 is divided by j(9).
9
Suppose -2*g + 4*g = 8. Suppose 5*u - 50 = -5*f, g*f - 43 = 5*u - 12. Calculate the remainder when f is divided by 4.
1
Let g = -9 - -26. What is the remainder when 32 is divided by g?
15
Let m be 130/15 - (-2)/(-3). Suppose -m - 1 = -k. Calculate the remainder when k is divided by 5.
4
Let x(m) = 13*m - 7. Calculate the remainder when x(2) is divided by 7.
5
Suppose 4*p + 3*c - 52 = 7*c, -5*c + 15 = 0. Suppose -p = -4*l + 4*o, 5*l - 3*l - 11 = 5*o. What is the remainder when 9 is divided by l?
0
Suppose 5*m - 60 = m. Suppose 7*d - 80 = 2*d. Suppose 3*p - 5 - 31 = -3*k, -4*p + d = 0. What is the remainder when m is divided by k?
7
What is the remainder when 27 is divided by 3/(-2)*(-60)/6?
12
What is the remainder when 47 is divided by (-9)/4*32/(-6)?
11
Let v be 192/33 - (-4)/22. Calculate the remainder when (-3)/v*1*-116 is divided by 20.
18
Let z(d) = -d**2 + 9*d - 2*d**2 + d**3 - 7 + 14*d**2. Let x be z(-8). Let i = -60 + x. What is the remainder when i is divided by 18?
17
Let b = -20 + 30. Suppose 5*c - 4*f = -0*f + 55, -b = -c + f. What is the